{"id":599,"date":"2019-11-12T11:42:17","date_gmt":"2019-11-12T10:42:17","guid":{"rendered":"https:\/\/good-time-voices.de\/?page_id=599"},"modified":"2026-03-10T16:52:53","modified_gmt":"2026-03-10T15:52:53","slug":"entwurf-termine","status":"publish","type":"page","link":"https:\/\/good-time-voices.de\/?page_id=599","title":{"rendered":"Termine"},"content":{"rendered":"\n<hr class=\"wp-block-separator has-css-opacity is-style-wide\"\/>\n\n\n\n<div style=\"height:27px\" aria-hidden=\"true\" class=\"wp-block-spacer\"><\/div>\n\n\n\n<p><strong>Freitag, 20. M\u00e4rz 202<\/strong>6<\/p>\n\n\n\n<h3 class=\"wp-block-heading\">Konzert in der Vers\u00f6hnungskirche Buschhoven<\/h3>\n\n\n\n<p>Beginn: 19:00<\/p>\n\n\n\n<p>Ort: Vogtstr.2, 53913 Swittal-Buschhoven<\/p>\n\n\n\n<p>&#8212;<img loading=\"lazy\" decoding=\"async\" width=\"300\" height=\"426\" class=\"wp-image-4538\" style=\"width: 300px;\" src=\"https:\/\/good-time-voices.de\/wp-content\/uploads\/KonzerteM\u00e4rz2026\/Screenshot_20260307_171549_Chrome.jpg\" alt=\"\" srcset=\"https:\/\/good-time-voices.de\/wp-content\/uploads\/KonzerteM\u00e4rz2026\/Screenshot_20260307_171549_Chrome.jpg 1070w, https:\/\/good-time-voices.de\/wp-content\/uploads\/KonzerteM\u00e4rz2026\/Screenshot_20260307_171549_Chrome-211x300.jpg 211w, https:\/\/good-time-voices.de\/wp-content\/uploads\/KonzerteM\u00e4rz2026\/Screenshot_20260307_171549_Chrome-722x1024.jpg 722w, https:\/\/good-time-voices.de\/wp-content\/uploads\/KonzerteM\u00e4rz2026\/Screenshot_20260307_171549_Chrome-768x1090.jpg 768w\" sizes=\"auto, (max-width: 300px) 100vw, 300px\" \/><\/p>\n\n\n\n<hr class=\"wp-block-separator has-css-opacity is-style-wide\"\/>\n\n\n\n<div style=\"height:27px\" aria-hidden=\"true\" class=\"wp-block-spacer\"><\/div>\n\n\n\n<p><strong>Samstag, 21. M\u00e4rz 2026<\/strong><\/p>\n\n\n\n<h3 class=\"wp-block-heading\">Konzert in der Trinitatiskirche<\/h3>\n\n\n\n<p>Beginn: 18:00<\/p>\n\n\n\n<p>Ort: Brahmsstr. 14, 53121 Bonn-Endenich<\/p>\n\n\n\n<p>&#8212;<img loading=\"lazy\" decoding=\"async\" width=\"300\" height=\"420\" class=\"wp-image-4539\" style=\"width: 300px;\" src=\"https:\/\/good-time-voices.de\/wp-content\/uploads\/KonzerteM\u00e4rz2026\/Screenshot_20260307_171613_Chrome.jpg\" alt=\"\" srcset=\"https:\/\/good-time-voices.de\/wp-content\/uploads\/KonzerteM\u00e4rz2026\/Screenshot_20260307_171613_Chrome.jpg 1080w, https:\/\/good-time-voices.de\/wp-content\/uploads\/KonzerteM\u00e4rz2026\/Screenshot_20260307_171613_Chrome-214x300.jpg 214w, https:\/\/good-time-voices.de\/wp-content\/uploads\/KonzerteM\u00e4rz2026\/Screenshot_20260307_171613_Chrome-731x1024.jpg 731w, https:\/\/good-time-voices.de\/wp-content\/uploads\/KonzerteM\u00e4rz2026\/Screenshot_20260307_171613_Chrome-768x1075.jpg 768w\" sizes=\"auto, (max-width: 300px) 100vw, 300px\" \/><\/p>\n\n\n\n<hr class=\"wp-block-separator has-css-opacity is-style-wide\"\/>\n","protected":false},"excerpt":{"rendered":"<p>Freitag, 20. M\u00e4rz 2026 Konzert in der Vers\u00f6hnungskirche Buschhoven Beginn: 19:00 Ort: Vogtstr.2, 53913 Swittal-Buschhoven &#8212; Samstag, 21. M\u00e4rz 2026 Konzert in der Trinitatiskirche Beginn: 18:00 Ort: Brahmsstr. 14, 53121 Bonn-Endenich &#8212;<\/p>\n","protected":false},"author":1,"featured_media":0,"parent":0,"menu_order":0,"comment_status":"closed","ping_status":"closed","template":"","meta":{"footnotes":""},"class_list":["post-599","page","type-page","status-publish","hentry"],"_links":{"self":[{"href":"https:\/\/good-time-voices.de\/index.php?rest_route=\/wp\/v2\/pages\/599","targetHints":{"allow":["GET"]}}],"collection":[{"href":"https:\/\/good-time-voices.de\/index.php?rest_route=\/wp\/v2\/pages"}],"about":[{"href":"https:\/\/good-time-voices.de\/index.php?rest_route=\/wp\/v2\/types\/page"}],"author":[{"embeddable":true,"href":"https:\/\/good-time-voices.de\/index.php?rest_route=\/wp\/v2\/users\/1"}],"replies":[{"embeddable":true,"href":"https:\/\/good-time-voices.de\/index.php?rest_route=%2Fwp%2Fv2%2Fcomments&post=599"}],"version-history":[{"count":47,"href":"https:\/\/good-time-voices.de\/index.php?rest_route=\/wp\/v2\/pages\/599\/revisions"}],"predecessor-version":[{"id":4544,"href":"https:\/\/good-time-voices.de\/index.php?rest_route=\/wp\/v2\/pages\/599\/revisions\/4544"}],"wp:attachment":[{"href":"https:\/\/good-time-voices.de\/index.php?rest_route=%2Fwp%2Fv2%2Fmedia&parent=599"}],"curies":[{"name":"wp","href":"https:\/\/api.w.org\/{rel}","templated":true}]}}

<hr class="wp-block-separator has-css-opacity is-style-wide"/>



<div style="height:27px" aria-hidden="true" class="wp-block-spacer"></div>



<p><strong>Freitag, 20. März 202</strong>6</p>



<h3 class="wp-block-heading">Konzert in der Versöhnungskirche Buschhoven</h3>



<p>Beginn: 19:00</p>



<p>Ort: Vogtstr.2, 53913 Swittal-Buschhoven</p>



<p>&#8212;<img loading="lazy" decoding="async" width="300" height="426" class="wp-image-4538" style="width: 300px;" src="https://good-time-voices.de/wp-content/uploads/KonzerteMärz2026/Screenshot_20260307_171549_Chrome.jpg" alt="" srcset="https://good-time-voices.de/wp-content/uploads/KonzerteMärz2026/Screenshot_20260307_171549_Chrome.jpg 1070w, https://good-time-voices.de/wp-content/uploads/KonzerteMärz2026/Screenshot_20260307_171549_Chrome-211x300.jpg 211w, https://good-time-voices.de/wp-content/uploads/KonzerteMärz2026/Screenshot_20260307_171549_Chrome-722x1024.jpg 722w, https://good-time-voices.de/wp-content/uploads/KonzerteMärz2026/Screenshot_20260307_171549_Chrome-768x1090.jpg 768w" sizes="auto, (max-width: 300px) 100vw, 300px" /></p>



<hr class="wp-block-separator has-css-opacity is-style-wide"/>



<div style="height:27px" aria-hidden="true" class="wp-block-spacer"></div>



<p><strong>Samstag, 21. März 2026</strong></p>



<h3 class="wp-block-heading">Konzert in der Trinitatiskirche</h3>



<p>Beginn: 18:00</p>



<p>Ort: Brahmsstr. 14, 53121 Bonn-Endenich</p>



<p>&#8212;<img loading="lazy" decoding="async" width="300" height="420" class="wp-image-4539" style="width: 300px;" src="https://good-time-voices.de/wp-content/uploads/KonzerteMärz2026/Screenshot_20260307_171613_Chrome.jpg" alt="" srcset="https://good-time-voices.de/wp-content/uploads/KonzerteMärz2026/Screenshot_20260307_171613_Chrome.jpg 1080w, https://good-time-voices.de/wp-content/uploads/KonzerteMärz2026/Screenshot_20260307_171613_Chrome-214x300.jpg 214w, https://good-time-voices.de/wp-content/uploads/KonzerteMärz2026/Screenshot_20260307_171613_Chrome-731x1024.jpg 731w, https://good-time-voices.de/wp-content/uploads/KonzerteMärz2026/Screenshot_20260307_171613_Chrome-768x1075.jpg 768w" sizes="auto, (max-width: 300px) 100vw, 300px" /></p>



<hr class="wp-block-separator has-css-opacity is-style-wide"/>

<p>Freitag, 20. März 2026 Konzert in der Versöhnungskirche Buschhoven Beginn: 19:00 Ort: Vogtstr.2, 53913 Swittal-Buschhoven &#8212; Samstag, 21. März 2026 Konzert in der Trinitatiskirche Beginn: 18:00 Ort: Brahmsstr. 14, 53121 Bonn-Endenich &#8212;</p>
